770755 + 13?
-11770742
In base 13, what is -5 + -5a86bc8?
-5a86c00
In base 10, what is -89112926 - 3?
-89112929
In base 15, what is -4 - -1112726?
1112722
In base 5, what is -20012244034 - -1?
-20012244033
In base 8, what is -1707 + 146521?
144612
In base 2, what is -111011111101010100011010 + -101?
-111011111101010100011111
In base 8, what is 1065155 + 13?
1065170
In base 14, what is 3b4ad97 + 5?
3b4ad9c
In base 15, what is -2b17 - 14c9?
-40e1
In base 8, what is -14752337 + -1?
-14752340
In base 15, what is 2c - -1eea154?
1eea181
In base 15, what is 0 - 2e8abe8?
-2e8abe8
In base 5, what is -3244241 - 244?
-3300040
In base 10, what is -269090 - 0?
-269090
In base 10, what is 8283001 - 3?
8282998
In base 6, what is 3020431 + 50?
3020521
In base 5, what is 1 + 2003212032?
2003212033
In base 6, what is 214043005 - 2?
214043003
In base 13, what is 5 + -bab3872?
-bab386a
In base 6, what is -10 - 1433322225?
-1433322235
In base 15, what is 7189c - -2?
7189e
In base 11, what is -a18 - -a619?
9701
In base 9, what is -608 + 8177?
7468
In base 7, what is 12626412 - -51?
12626463
In base 4, what is -222223020122 + 12?
-222223020110
In base 2, what is -110 - 10010010000000011110?
-10010010000000100100
In base 12, what is -169b300 - 0?
-169b300
In base 10, what is 74388 - -214?
74602
In base 5, what is -42422 + -2002?
-44424
In base 3, what is -10212222 + 21022100?
10102101
In base 6, what is 2142431214 + -3?
2142431211
In base 13, what is 113360 + -c5?
113268
In base 10, what is -16 + 530199?
530183
In base 11, what is 2a96330 + -2?
2a96329
In base 13, what is 10 - -a976271?
a976281
In base 14, what is -26dd9 - 7?
-27002
In base 12, what is 1284 - 15b86?
-14902
In base 3, what is 100000011 + -201122?
22021112
In base 4, what is 2213331 + -33123020?
-30303023
In base 14, what is 84cdb5 - 2?
84cdb3
In base 11, what is -5 + 45a24353?
45a24349
In base 13, what is 2 - -3ab4071?
3ab4073
In base 14, what is -70989 + 3a?
-7094d
In base 14, what is -5 + -117889?
-117890
In base 14, what is 1 + 110cd71?
110cd72
In base 5, what is -110140 + 1002?
-104133
In base 12, what is -2 + 1570381?
157037b
In base 16, what is -19d9 + 1694c?
14f73
In base 7, what is -35524214 - -220?
-35523664
In base 12, what is -19a + -62448a?
-624668
In base 8, what is -6612633 - 107?
-6612742
In base 2, what is -111111001111101111 - -111101?
-111111001110110010
In base 9, what is 13056 - 4562?
7384
In base 16, what is -7 - -10e8e36?
10e8e2f
In base 14, what is -4 + -5764d09?
-5764d0d
In base 10, what is -936 - -18386?
17450
In base 10, what is -3 + 4148787?
4148784
In base 11, what is -2585 - -1182?
-1403
In base 5, what is -303204314 + 2?
-303204312
In base 4, what is -1031 - 120121023?
-120122120
In base 8, what is -15755 - 404?
-16361
In base 15, what is 663c8 + -10?
663b8
In base 8, what is -5 - -34546130?
34546123
In base 6, what is -1033 - 3203520?
-3204553
In base 8, what is 460777 - 166?
460611
In base 5, what is -234141030 + 2?
-234141023
In base 14, what is 3 - -507287?
50728a
In base 3, what is -10011210112112 + 201110?
-10011202211002
In base 9, what is 11156 + -3373?
6673
In base 8, what is 533 + -2600661?
-2600126
In base 11, what is -685a - -11656?
58a7
In base 9, what is 8633 + -2568?
6054
In base 4, what is 222 - -1123202112?
1123203000
In base 10, what is -21421 + 2150?
-19271
In base 11, what is -1360 + -8737?
-9a97
In base 9, what is 5818 + 6283?
13212
In base 2, what is 101100000000010011 - -1101?
101100000000100000
In base 9, what is 14374212 - 5?
14374206
In base 11, what is 1 - -27800272?
27800273
In base 3, what is 1001020 - 200122212?
-122121122
In base 10, what is 3 + -5785724?
-5785721
In base 13, what is 3302bb3 + 22?
3302c05
In base 15, what is -4 + 7760d9c?
7760d98
In base 7, what is 260332441 + -5?
260332433
In base 9, what is -15133018 - 5?
-15133024
In base 10, what is -274475 + -47?
-274522
In base 8, what is 10206231645 + 3?
10206231650
In base 16, what is f177a1 + -2?
f1779f
In base 12, what is 5 + -15887180?
-15887177
In base 9, what is -5 + 574586201?
574586185
In base 8, what is -7577454 + 1?
-7577453
In base 11, what is 67747 + 25?
67771
In base 12, what is 2026785 + 6?
202678b
In base 13, what is 13 - -1187141?
1187154
In base 10, what is 2 + 1503478?
1503480
In base 9, what is 1 + 351336311?
351336312
In base 10, what is -5234 + 15468?
10234
In base 8, what is 22111257 - -7?
22111266
In base 11, what is -101 - -23a032?
239a31
In base 11, what is 1262a - 2a2?
12338
In base 5, what is 2102242420023 + 1?
2102242420024
In base 2, what is -100000010010100011101101 - 110?
-100000010010100011110011
In base 11, what is 2a10a77 + 15?
2a10a91
In base 10, what is -557 - -44704?
44147
In base 14, what is 592a - -210d?
7a39
In base 4, what is 1 + -13132120002233?
-13132120002232
In base 13, what is -b4 - -2cc572?
2cc48b
In base 4, what is 1030021332 - 311?
1030021021
In base 12, what is 1 + -b79020?
-b7901b
In base 3, what is 2021121100212 + -10?
2021121100202
In base 11, what is 5a + -920171?
-920112
In base 5, what is -123301320 - -101?
-123301214
In base 10, what is -139 - 590755?
-590894
In base 9, what is 203 - 12767?
-12564
In base 11, what is -1 - -178713a?
1787139
In base 4, what is 22002130110 + 10?
22002130120
In base 16, what is 3f + ecea1?
ecee0
In base 4, what is -113131020 - -1023?
-113123331
In base 13, what is 7c879 - -5?
7c881
In base 12, what is -65 - -1679?
1614
In base 5, what is 12442 - -10223412?
10241404
In base 16, what is 672 + -3e48f?
-3de1d
In base 13, what is -16723c73c - -1?
-16723c73b
In base 8, what is 40232603 - -2?
40232605
In base 4, what is -22113 - 11132122?
-11220301
In base 12, what is -7 + -198a371?
-198a378
In base 10, what is -18191678 + -3?
-18191681
In base 12, what is 151791b + -269?
1517672
In base 10, what is 25277 + -125?
25152
In base 16, what is -4aa58 + a?
-4aa4e
In base 12, what is 17 + -6424960?
-6424945
In base 16, what is a19 - -15ca1?
166ba
In base 13, what is 4 - 322963?
-32295c
In base 6, what is -1 + -50421215?
-50421220
In base 15, what is -587c - 60d6?
-b963
In base 12, what is 1 + -1978468?
-1978467
In base 5, what is -2 - -12442203204?
12442203202
In base 10, what is -24981487 - 0?
-24981487
In base 2, what is 0 + 101100001001001010101011?
101100001001001010101011
In base 10, what is 2615624 + -151?
2615473
In base 11, what is 1780 + 34a40?
36710
In base 11, what is 1432 - -528?
195a
In base 3, what is 102111200220120 + 12?
102111200220202
In base 2, what is -110001000100 - 1000111?
-110010001011
In base 12, what is 45729a2 - 13?
457298b
In base 4, what is -333031110102 - -12?
-333031110030
In base 6, what is -20 - 14500255?
-14500315
In base 14, what is -11b - 199d?
-1aba
In base 8, what is -1010 - -36266?
35256
In base 13, what is -101 + 292b5?
291b4
In base 6, what is -12124214 - -200?
-12124014
In base 11, what is 58 + -194660?
-194603
In base 8, what is 2 + -17007170?
-17007166
In base 15, what is 5 - -1c9d56cb?
1c9d56d1
In base 13, what is -4 + 828bb21?
828bb1a
In base 10, what is -191551 - 411?
-191962
In base 14, what is -5 + -627681?
-627686
In base 12, what is 54 + 33787?
3381b
In base 14, what is -170602c - 4?
-1706032
In base 3, what is 1 - -21010101020212021?
21010101020212022
In base 8, what is -1503747706 + -2?
-1503747710
In base 14, what is -27c6bc2 + -3?
-27c6bc5
In base 9, what is -3 + -4718353?
-4718356
In base 13, what is 184 - -1746c?
17623
In base 2, what is 100 - 111110110100100111000100101?
-111110110100100111000100001
In base 3, what is 2221100 - -11112101?
21110201
In base 4, what is 10 + 202012303?
202012313
In base 6, what is -5 - -2550114042?
2550114033
In base 14, what is -1 + 81ca8d0?
81ca8cd
In base 12, what is 292b4b - 11?
292b3a
In base 3, what is 102122200 - 10212112?
21210011
In base 16, what is 1073c - 7?
10735
In base 6, what is 44522 - 23000?
21522
In base 9, what is 166 + 2625281?
2625457
In base 7, what is -34 - 6003310?
-6003344
In base 14, what is 1719 + -c42?
8b7
In base 10, what is -412638 + 311?
-412327
In base 15, what is -460c - -3c93?
-869
In base 15, what is 26c558 + 3b?
26c594
In base 11, what is 4714 - -4a650?
54264
In base 15, what is -1a2 + 7124e5?
712343
In base 7, what is -465 + -2314220?
-2315015
In base 13, what is -5c4 + 1039a?
caa6
In 